{"id":27129,"date":"2026-02-10T11:32:35","date_gmt":"2026-02-10T09:32:35","guid":{"rendered":"https:\/\/hojassueltas.es\/?page_id=27129"},"modified":"2026-02-10T11:56:53","modified_gmt":"2026-02-10T09:56:53","slug":"grupo-otras-secciones","status":"publish","type":"page","link":"https:\/\/hojassueltas.es\/?page_id=27129","title":{"rendered":"Grupo OTRAS SECCIONES"},"content":{"rendered":"<div id=\"tdi_1\" class=\"tdc-zone\"><div class=\"tdc_zone tdi_2  wpb_row td-pb-row\"  >\n<style scoped>\n\n\/* custom css *\/\n.tdi_2{\r\n                    min-height: 0;\r\n                }\n<\/style><div id=\"tdi_3\" class=\"tdc-row\"><div class=\"vc_row tdi_4  wpb_row td-pb-row\" >\n<style scoped>\n\n\/* custom css *\/\n.tdi_4,\r\n                .tdi_4 .tdc-columns{\r\n                    min-height: 0;\r\n                }.tdi_4,\r\n\t\t\t\t.tdi_4 .tdc-columns{\r\n\t\t\t\t    display: block;\r\n\t\t\t\t}.tdi_4 .tdc-columns{\r\n\t\t\t\t    width: 100%;\r\n\t\t\t\t}\n<\/style><div class=\"vc_column tdi_6  wpb_column vc_column_container tdc-column td-pb-span12\">\n<style scoped>\n\n\/* custom css *\/\n.tdi_6{\r\n                    vertical-align: baseline;\r\n                }.tdi_6 > .wpb_wrapper,\r\n\t\t\t\t.tdi_6 > .wpb_wrapper > .tdc-elements{\r\n\t\t\t\t    display: block;\r\n\t\t\t\t}.tdi_6 > .wpb_wrapper > .tdc-elements{\r\n\t\t\t\t    width: 100%;\r\n\t\t\t\t}.tdi_6 > .wpb_wrapper > .vc_row_inner{\r\n\t\t\t\t    width: auto;\r\n\t\t\t\t}.tdi_6 > .wpb_wrapper{\r\n\t\t\t\t    width: auto;\r\n\t\t\t\t    height: auto;\r\n\t\t\t\t}\n<\/style><div class=\"wpb_wrapper\" ><div class=\"vc_row_inner tdi_8  vc_row vc_inner wpb_row td-pb-row\" >\n<style scoped>\n\n\/* custom css *\/\n.tdi_8{\r\n                    position: relative !important;\r\n                    top: 0;\r\n                    transform: none;\r\n                    -webkit-transform: none;\r\n                }.tdi_8,\r\n\t\t\t\t.tdi_8 .tdc-inner-columns{\r\n\t\t\t\t    display: block;\r\n\t\t\t\t}.tdi_8 .tdc-inner-columns{\r\n\t\t\t\t    width: 100%;\r\n\t\t\t\t}\n<\/style><div class=\"vc_column_inner tdi_10  wpb_column vc_column_container tdc-inner-column td-pb-span12\">\n<style scoped>\n\n\/* custom css *\/\n.tdi_10{\r\n                    vertical-align: baseline;\r\n                }.tdi_10 .vc_column-inner > .wpb_wrapper,\r\n\t\t\t\t.tdi_10 .vc_column-inner > .wpb_wrapper .tdc-elements{\r\n\t\t\t\t    display: block;\r\n\t\t\t\t}.tdi_10 .vc_column-inner > .wpb_wrapper .tdc-elements{\r\n\t\t\t\t    width: 100%;\r\n\t\t\t\t}\n<\/style><div class=\"vc_column-inner\"><div class=\"wpb_wrapper\" ><div class=\"td_block_wrap tdb_mobile_horiz_menu tdi_11 td-pb-border-top td_block_template_8 tdb-header-align\"  data-td-block-uid=\"tdi_11\"  style=\" z-index: 999;\">\n<style>\n\n\/* inline tdc_css att *\/\n\n.tdi_11{\npadding-bottom:20px !important;\nborder-color:#00873f !important;\nborder-style:solid !important;\nborder-width: 1px 0px 1px 0px !important;\n}\n\n<\/style>\n<style>\n\/* custom css *\/\n.tdb-header-align{\r\n                  vertical-align: middle;\r\n                }.tdb_mobile_horiz_menu{\r\n                  margin-bottom: 0;\r\n                  clear: none;\r\n                }.tdb_mobile_horiz_menu.tdb-horiz-menu-singleline{\r\n                  width: 100%;\r\n                }.tdb_mobile_horiz_menu.tdb-horiz-menu-singleline .tdb-horiz-menu{\r\n                  display: block;\r\n                  width: 100%;\r\n                  overflow-x: auto;\r\n                  overflow-y: hidden;\r\n                  font-size: 0;\r\n                  white-space: nowrap;\r\n                }.tdb_mobile_horiz_menu.tdb-horiz-menu-singleline .tdb-horiz-menu > li{\r\n                  position: static;\r\n                  display: inline-block;\r\n                  float: none;\r\n                }.tdb_mobile_horiz_menu.tdb-horiz-menu-singleline .tdb-horiz-menu ul{\r\n                  left: 0;\r\n                  width: 100%;\r\n                  z-index: -1;\r\n                }.tdb-horiz-menu{\r\n                  display: table;\r\n                  margin: 0;\r\n                }.tdb-horiz-menu,\r\n                .tdb-horiz-menu ul{\r\n                  list-style-type: none;\r\n                }.tdb-horiz-menu ul,\r\n                .tdb-horiz-menu li{\r\n                  line-height: 1;\r\n                }.tdb-horiz-menu li{\r\n                  margin: 0;\r\n                  font-family: 'Open Sans', 'Open Sans Regular', sans-serif;\r\n                }.tdb-horiz-menu li.current-menu-item > a,\r\n                .tdb-horiz-menu li.current-menu-ancestor > a,\r\n                .tdb-horiz-menu li.current-category-ancestor > a,\r\n                .tdb-horiz-menu li:hover > a,\r\n                .tdb-horiz-menu li.tdb-hover > a{\r\n                  color: #4db2ec;\r\n                }.tdb-horiz-menu li.current-menu-item > a .tdb-sub-menu-icon-svg,\r\n                .tdb-horiz-menu li.current-menu-ancestor > a .tdb-sub-menu-icon-svg,\r\n                .tdb-horiz-menu li.current-category-ancestor > a .tdb-sub-menu-icon-svg,\r\n                .tdb-horiz-menu li:hover > a .tdb-sub-menu-icon-svg,\r\n                .tdb-horiz-menu li.tdb-hover > a .tdb-sub-menu-icon-svg,\r\n                .tdb-horiz-menu li.current-menu-item > a .tdb-sub-menu-icon-svg *,\r\n                .tdb-horiz-menu li.current-menu-ancestor > a .tdb-sub-menu-icon-svg *,\r\n                .tdb-horiz-menu li.current-category-ancestor > a .tdb-sub-menu-icon-svg *,\r\n                .tdb-horiz-menu li:hover > a .tdb-sub-menu-icon-svg *,\r\n                .tdb-horiz-menu li.tdb-hover > a .tdb-sub-menu-icon-svg *{\r\n                  fill: #4db2ec;\r\n                }.tdb-horiz-menu > li{\r\n                  position: relative;\r\n                  float: left;\r\n                  font-size: 0;\r\n                }.tdb-horiz-menu > li:hover ul{\r\n                  visibility: visible;\r\n                  opacity: 1;\r\n                }.tdb-horiz-menu > li > a{\r\n                  display: inline-block;\r\n                  padding: 0 9px;\r\n                  font-weight: 700;\r\n                  font-size: 13px;\r\n                  line-height: 41px;\r\n                  vertical-align: middle;\r\n                  -webkit-backface-visibility: hidden;\r\n                  color: #000;\r\n                }.tdb-horiz-menu > li > a > .tdb-menu-item-text{\r\n                  display: inline-block;\r\n                }.tdb-horiz-menu > li > a .tdb-sub-menu-icon{\r\n                  margin: 0 0 0 6px;\r\n                }.tdb-horiz-menu > li > a .tdb-sub-menu-icon-svg svg{\r\n                  position: relative;\r\n                  top: -1px;\r\n                  width: 13px;\r\n                }.tdb-horiz-menu > li .tdb-menu-sep{\r\n                  position: relative;\r\n                }.tdb-horiz-menu > li:last-child .tdb-menu-sep{\r\n                  display: none;\r\n                }.tdb-horiz-menu .tdb-sub-menu-icon-svg,\r\n                .tdb-horiz-menu .tdb-menu-sep-svg{\r\n                  line-height: 0;\r\n                }.tdb-horiz-menu .tdb-sub-menu-icon-svg svg,\r\n                .tdb-horiz-menu .tdb-menu-sep-svg svg{\r\n                  height: auto;\r\n                }.tdb-horiz-menu .tdb-sub-menu-icon-svg svg,\r\n                .tdb-horiz-menu .tdb-menu-sep-svg svg,\r\n                .tdb-horiz-menu .tdb-sub-menu-icon-svg svg *,\r\n                .tdb-horiz-menu .tdb-menu-sep-svg svg *{\r\n                  fill: #000;\r\n                }.tdb-horiz-menu .tdb-sub-menu-icon{\r\n                  vertical-align: middle;\r\n                \r\n                  position: relative;\r\n                  top: 0;\r\n                  padding-left: 0;\r\n                }.tdb-horiz-menu .tdb-menu-sep{\r\n                  vertical-align: middle;\r\n                  font-size: 12px;\r\n                }.tdb-horiz-menu .tdb-menu-sep-svg svg{\r\n                  width: 12px;\r\n                }.tdb-horiz-menu ul{\r\n                  position: absolute;\r\n                  top: auto;\r\n                  left: -7px;\r\n                  padding: 8px 0;\r\n                  background-color: #fff;\r\n                  visibility: hidden;\r\n                  opacity: 0;\r\n                }.tdb-horiz-menu ul li > a{\r\n                  white-space: nowrap;\r\n                  display: block;\r\n                  padding: 5px 18px;\r\n                  font-size: 11px;\r\n                  line-height: 18px;\r\n                  color: #111;\r\n                }.tdb-horiz-menu ul li > a .tdb-sub-menu-icon{\r\n                  float: right;\r\n                  font-size: 7px;\r\n                  line-height: 20px;\r\n                }.tdb-horiz-menu ul li > a .tdb-sub-menu-icon-svg svg{\r\n                  width: 7px;\r\n                }.tdc-dragged .tdb-horiz-menu ul{\r\n                  visibility: hidden !important;\r\n                  opacity: 0 !important;\r\n                  -webkit-transition: all 0.3s ease;\r\n                  transition: all 0.3s ease;\r\n                }.tdi_11 .tdb-horiz-menu{\r\n                    margin: 0 auto;\r\n                }.tdi_11 .tdb-horiz-menu > li .tdb-menu-sep{\r\n                    font-size: 30px;\r\n                \r\n                    top: 0px;\r\n                \r\n                    color: #00873f;\r\n                }.tdi_11 .tdb-horiz-menu > li > a  .tdb-sub-menu-icon{\r\n                    top: 0px;\r\n                }.tdi_11 .tdb-horiz-menu > li > a{\r\n                    color: #00873f;\r\n                }.tdi_11 .tdb-horiz-menu > li > a .tdb-sub-menu-icon-svg svg,\r\n                .tdi_11 .tdb-horiz-menu > li > a .tdb-sub-menu-icon-svg svg *{\r\n                    fill: #00873f;\r\n                }.tdi_11 .tdb-horiz-menu > li .tdb-menu-sep-svg svg,\r\n                .tdi_11 .tdb-horiz-menu > li .tdb-menu-sep-svg svg *{\r\n                    fill: #00873f;\r\n                }.tdi_11 .tdb-horiz-menu ul{\r\n                    box-shadow:  1px 1px 4px 0px rgba(0, 0, 0, 0.15);\r\n                }\n<\/style><div id=tdi_11 class=\"td_block_inner td-fix-index\"><div class=\"menu-otras-secciones-container\"><ul id=\"menu-otras-secciones\" class=\"tdb-horiz-menu\"><li id=\"menu-item-27137\" class=\"menu-item menu-item-type-taxonomy menu-item-object-category menu-item-27137\"><a href=\"https:\/\/hojassueltas.es\/?cat=551\"><div class=\"tdb-menu-item-text\">CRIMINOLOG\u00cdA<\/div><\/a><i class=\"tdb-menu-sep tdc-font-fa tdc-font-fa-calendar-o\"><\/i><\/li>\n<li id=\"menu-item-27138\" class=\"menu-item menu-item-type-taxonomy menu-item-object-category menu-item-27138\"><a href=\"https:\/\/hojassueltas.es\/?cat=1798\"><div class=\"tdb-menu-item-text\">GRANADA ENCANTADA<\/div><\/a><i class=\"tdb-menu-sep tdc-font-fa tdc-font-fa-calendar-o\"><\/i><\/li>\n<li id=\"menu-item-27139\" class=\"menu-item menu-item-type-taxonomy menu-item-object-category menu-item-27139\"><a href=\"https:\/\/hojassueltas.es\/?cat=1225\"><div class=\"tdb-menu-item-text\">PSICOLOG\u00cdA y PARAPSICOLOG\u00cdA<\/div><\/a><i class=\"tdb-menu-sep tdc-font-fa tdc-font-fa-calendar-o\"><\/i><\/li>\n<li id=\"menu-item-27141\" class=\"menu-item menu-item-type-taxonomy menu-item-object-category menu-item-27141\"><a href=\"https:\/\/hojassueltas.es\/?cat=146\"><div class=\"tdb-menu-item-text\">VINTAGE<\/div><\/a><i class=\"tdb-menu-sep tdc-font-fa tdc-font-fa-calendar-o\"><\/i><\/li>\n<li id=\"menu-item-27140\" class=\"menu-item menu-item-type-post_type menu-item-object-page menu-item-27140\"><a href=\"https:\/\/hojassueltas.es\/?page_id=14155\"><div class=\"tdb-menu-item-text\">HEMEROTECA<\/div><\/a><i class=\"tdb-menu-sep tdc-font-fa tdc-font-fa-calendar-o\"><\/i><\/li>\n<\/ul><\/div><\/div><\/div><\/div><\/div><\/div><\/div><div class=\"tdm_block td_block_wrap tdm_block_text_image tdi_12 td-animation-stack tdm-layout-12-12 tdm-content-horiz-left tdm-content-vert-center td-pb-border-top td_block_template_8\"  data-td-block-uid=\"tdi_12\" >\n<style>\n\/* custom css *\/\n.tdm_block_text_image .tdm-text-wrap{\r\n                  padding-top: 20px;\r\n                  padding-bottom: 20px;\r\n                }.tdm_block_text_image .tdm-descr{\r\n                  margin-bottom: 0;\r\n                }.tdm_block_text_image .tds-button{\r\n                  margin-top: 30px;\r\n                }@media (min-width: 767px) {\r\n                  .tdm_block_text_image.tdm-text-image-extend-img {\r\n                    margin-right: calc((-100vw + 100%) \/ 2);\r\n                  }\r\n                  .tdm_block_text_image.tdm-text-image-extend-img.tdm-flip-yes {\r\n                    margin-right: 0;\r\n                    margin-left: calc((-100vw + 100%) \/ 2);\r\n                  }\r\n                  .tdm_block_text_image.tdm-text-image-extend-img.tdm-flip-yes .tdm-col-img {\r\n                    text-align: right;\r\n                  }\r\n                }@media (max-width: 767px) {\r\n                  .tdm_block_text_image .tdm-col-img {\r\n                    margin-top: 36px;\r\n                  }\r\n                  .tdm_block_text_image.tdm-flip-yes .tdm-col-img {\r\n                    margin-top: 0;\r\n                    margin-bottom: 15px;\r\n                  }\r\n                }\n<\/style><div class=\"td-block-width tdm-fix-full\"><div class=\"td-block-row tdm-row\"><div class=\"td-block-span6 tdm-col\"><div class=\"tdm-text-wrap tdm-text-padding\">\n<style>\n\n<\/style><div class=\"tds-title tds-title1 td-fix-index tdi_13\"><h3 class=\"tdm-title tdm-title-md\">Grupo OTRAS SECCIONES<\/h3><\/div><p class=\"tdm-descr td-fix-index\">Narraciones literarias y voces de todas las \u00e9pocas y g\u00e9neros, con especial atenci\u00f3n a los contempor\u00e1neos. En este grupo recuperamos y acompa\u00f1amos trayectorias: Autores olvidados para rescatar nombres y obras; Entrevistas para escuchar el presente de la creaci\u00f3n; Biobibliograf\u00edas como gu\u00eda de lectura; Novelas por entregas para seguir historias en continuidad; y un espacio para la escritura viva en Relatos y Poes\u00eda. Se suman Voces prestadas, donde los autores narran aquello \u2014un lugar, un libro, una p\u00e9rdida, una revelaci\u00f3n\u2014 que marc\u00f3 su vida, y Voces de ayer, entrevistas imaginarias con escritores de otros siglos, construidas desde la documentaci\u00f3n y el juego literario.\n\n<\/p>\n<style>\nbody .tdi_14{\r\n\t\t\t\t\tbackground-color: #ffffff;\r\n\t\t\t\t}.tdi_14 .tdm-btn-text,\r\n\t\t\t\t.tdi_14 i{\r\n\t\t\t\t\tcolor: #ffffff;\r\n\t\t\t\t}.tdi_14 svg{\r\n\t\t\t\t    fill: #ffffff;\r\n\t\t\t\t}.tdi_14 svg *{\r\n\t\t\t\t    fill: inherit;\r\n\t\t\t\t}.tdi_14 .tdm-btn-icon:last-child{\r\n\t\t\t\t\tmargin-left: 14px;\r\n\t\t\t\t}\n<\/style><div class=\"tds-button td-fix-index\"><a \r\n                href=\"#\" \r\n                class=\"tds-button1 tdm-btn tdm-btn-lg tdi_14\" ><span class=\"tdm-btn-text\">View all elements<\/span><i class=\"tdm-btn-icon tdc-font-fa tdc-font-fa-arrow-down\"><\/i><\/a><\/div><\/div><\/div><div class=\"td-block-span6 tdm-col tdm-col-img\"><img class=\"tdm-image td-fix-index td-lazy-img\" data-type=\"image_tag\" data-img-url=\"https:\/\/hojassueltas.es\/wp-content\/uploads\/2026\/02\/Grupo-Otras-Secciones_H.S.png\"  title=\"Grupo Otras Secciones_H.S.\" width=\"1920\" height=\"1078\"><\/div><\/div><\/div><\/div><div class=\"vc_row_inner tdi_16  vc_row vc_inner wpb_row td-pb-row\" >\n<style scoped>\n\n\/* custom css *\/\n.tdi_16{\r\n                    position: relative !important;\r\n                    top: 0;\r\n                    transform: none;\r\n                    -webkit-transform: none;\r\n                }.tdi_16,\r\n\t\t\t\t.tdi_16 .tdc-inner-columns{\r\n\t\t\t\t    display: block;\r\n\t\t\t\t}.tdi_16 .tdc-inner-columns{\r\n\t\t\t\t    width: 100%;\r\n\t\t\t\t}\n<\/style><div class=\"vc_column_inner tdi_18  wpb_column vc_column_container tdc-inner-column td-pb-span12\">\n<style scoped>\n\n\/* custom css *\/\n.tdi_18{\r\n                    vertical-align: baseline;\r\n                }.tdi_18 .vc_column-inner > .wpb_wrapper,\r\n\t\t\t\t.tdi_18 .vc_column-inner > .wpb_wrapper .tdc-elements{\r\n\t\t\t\t    display: block;\r\n\t\t\t\t}.tdi_18 .vc_column-inner > .wpb_wrapper .tdc-elements{\r\n\t\t\t\t    width: 100%;\r\n\t\t\t\t}\n<\/style><div class=\"vc_column-inner\"><div class=\"wpb_wrapper\" ><\/div><\/div><\/div><\/div><\/div><\/div><\/div><\/div><\/div><\/div>","protected":false},"excerpt":{"rendered":"","protected":false},"author":1,"featured_media":0,"parent":0,"menu_order":0,"comment_status":"closed","ping_status":"closed","template":"","meta":{"footnotes":""},"class_list":["post-27129","page","type-page","status-publish"],"yoast_head":"<!-- This site is optimized with the Yoast SEO plugin v27.4 - https:\/\/yoast.com\/product\/yoast-seo-wordpress\/ -->\n<title>HOJAS SUELTAS Peri\u00f3dico Cultural | % Grupo OTRAS SECCIONES |<\/title>\n<meta name=\"description\" content=\"HOJAS SUELTAS Peri\u00f3dico Cultural\" \/>\n<meta name=\"robots\" content=\"index, follow, max-snippet:-1, max-image-preview:large, max-video-preview:-1\" \/>\n<link rel=\"canonical\" href=\"https:\/\/hojassueltas.es\/?page_id=27129\" \/>\n<meta property=\"og:locale\" content=\"es_ES\" \/>\n<meta property=\"og:type\" content=\"article\" \/>\n<meta property=\"og:title\" content=\"HOJAS SUELTAS Peri\u00f3dico Cultural | % Grupo OTRAS SECCIONES |\" \/>\n<meta property=\"og:description\" content=\"HOJAS SUELTAS Peri\u00f3dico Cultural\" \/>\n<meta property=\"og:url\" content=\"https:\/\/hojassueltas.es\/?page_id=27129\" \/>\n<meta property=\"og:site_name\" content=\"HOJAS SUELTAS Peri\u00f3dico Cultural\" \/>\n<meta property=\"article:modified_time\" content=\"2026-02-10T09:56:53+00:00\" \/>\n<meta property=\"og:image\" content=\"https:\/\/hojassueltas.es\/wp-content\/uploads\/2025\/09\/Hojas-Sueltas_Logo-III_trans.png\" \/>\n\t<meta property=\"og:image:width\" content=\"485\" \/>\n\t<meta property=\"og:image:height\" content=\"80\" \/>\n\t<meta property=\"og:image:type\" content=\"image\/png\" \/>\n<meta name=\"twitter:card\" content=\"summary_large_image\" \/>\n<meta name=\"twitter:site\" content=\"@HOJASSUELTAS22\" \/>\n<meta name=\"twitter:label1\" content=\"Tiempo de lectura\" \/>\n\t<meta name=\"twitter:data1\" content=\"1 minuto\" \/>\n<script type=\"application\/ld+json\" class=\"yoast-schema-graph\">{\"@context\":\"https:\\\/\\\/schema.org\",\"@graph\":[{\"@type\":\"WebPage\",\"@id\":\"https:\\\/\\\/hojassueltas.es\\\/?page_id=27129\",\"url\":\"https:\\\/\\\/hojassueltas.es\\\/?page_id=27129\",\"name\":\"HOJAS SUELTAS Peri\u00f3dico Cultural | % Grupo OTRAS SECCIONES |\",\"isPartOf\":{\"@id\":\"https:\\\/\\\/hojassueltas.es\\\/#website\"},\"datePublished\":\"2026-02-10T09:32:35+00:00\",\"dateModified\":\"2026-02-10T09:56:53+00:00\",\"description\":\"HOJAS SUELTAS Peri\u00f3dico Cultural\",\"breadcrumb\":{\"@id\":\"https:\\\/\\\/hojassueltas.es\\\/?page_id=27129#breadcrumb\"},\"inLanguage\":\"es\",\"potentialAction\":[{\"@type\":\"ReadAction\",\"target\":[\"https:\\\/\\\/hojassueltas.es\\\/?page_id=27129\"]}]},{\"@type\":\"BreadcrumbList\",\"@id\":\"https:\\\/\\\/hojassueltas.es\\\/?page_id=27129#breadcrumb\",\"itemListElement\":[{\"@type\":\"ListItem\",\"position\":1,\"name\":\"Portada\",\"item\":\"https:\\\/\\\/hojassueltas.es\\\/\"},{\"@type\":\"ListItem\",\"position\":2,\"name\":\"Grupo OTRAS SECCIONES\"}]},{\"@type\":\"WebSite\",\"@id\":\"https:\\\/\\\/hojassueltas.es\\\/#website\",\"url\":\"https:\\\/\\\/hojassueltas.es\\\/\",\"name\":\"HojasSueltas.es\",\"description\":\"GRANADA - Peri\u00f3dico Cultural\",\"publisher\":{\"@id\":\"https:\\\/\\\/hojassueltas.es\\\/#organization\"},\"alternateName\":\"H.S. Periodico Cultural\",\"potentialAction\":[{\"@type\":\"SearchAction\",\"target\":{\"@type\":\"EntryPoint\",\"urlTemplate\":\"https:\\\/\\\/hojassueltas.es\\\/?s={search_term_string}\"},\"query-input\":{\"@type\":\"PropertyValueSpecification\",\"valueRequired\":true,\"valueName\":\"search_term_string\"}}],\"inLanguage\":\"es\"},{\"@type\":\"Organization\",\"@id\":\"https:\\\/\\\/hojassueltas.es\\\/#organization\",\"name\":\"HOJAS SUELTAS - Peri\u00f3dico Cultural\",\"alternateName\":\"HS - HOJAS SUELTAS Peri\u00f3dico Cultural\",\"url\":\"https:\\\/\\\/hojassueltas.es\\\/\",\"logo\":{\"@type\":\"ImageObject\",\"inLanguage\":\"es\",\"@id\":\"https:\\\/\\\/hojassueltas.es\\\/#\\\/schema\\\/logo\\\/image\\\/\",\"url\":\"https:\\\/\\\/hojassueltas.es\\\/wp-content\\\/uploads\\\/2025\\\/08\\\/Icono-HS_2.png\",\"contentUrl\":\"https:\\\/\\\/hojassueltas.es\\\/wp-content\\\/uploads\\\/2025\\\/08\\\/Icono-HS_2.png\",\"width\":500,\"height\":500,\"caption\":\"HOJAS SUELTAS - Peri\u00f3dico Cultural\"},\"image\":{\"@id\":\"https:\\\/\\\/hojassueltas.es\\\/#\\\/schema\\\/logo\\\/image\\\/\"},\"sameAs\":[\"https:\\\/\\\/x.com\\\/HOJASSUELTAS22\"]}]}<\/script>\n<!-- \/ Yoast SEO plugin. -->","yoast_head_json":{"title":"HOJAS SUELTAS Peri\u00f3dico Cultural | % Grupo OTRAS SECCIONES |","description":"HOJAS SUELTAS Peri\u00f3dico Cultural","robots":{"index":"index","follow":"follow","max-snippet":"max-snippet:-1","max-image-preview":"max-image-preview:large","max-video-preview":"max-video-preview:-1"},"canonical":"https:\/\/hojassueltas.es\/?page_id=27129","og_locale":"es_ES","og_type":"article","og_title":"HOJAS SUELTAS Peri\u00f3dico Cultural | % Grupo OTRAS SECCIONES |","og_description":"HOJAS SUELTAS Peri\u00f3dico Cultural","og_url":"https:\/\/hojassueltas.es\/?page_id=27129","og_site_name":"HOJAS SUELTAS Peri\u00f3dico Cultural","article_modified_time":"2026-02-10T09:56:53+00:00","og_image":[{"width":485,"height":80,"url":"https:\/\/hojassueltas.es\/wp-content\/uploads\/2025\/09\/Hojas-Sueltas_Logo-III_trans.png","type":"image\/png"}],"twitter_card":"summary_large_image","twitter_site":"@HOJASSUELTAS22","twitter_misc":{"Tiempo de lectura":"1 minuto"},"schema":{"@context":"https:\/\/schema.org","@graph":[{"@type":"WebPage","@id":"https:\/\/hojassueltas.es\/?page_id=27129","url":"https:\/\/hojassueltas.es\/?page_id=27129","name":"HOJAS SUELTAS Peri\u00f3dico Cultural | % Grupo OTRAS SECCIONES |","isPartOf":{"@id":"https:\/\/hojassueltas.es\/#website"},"datePublished":"2026-02-10T09:32:35+00:00","dateModified":"2026-02-10T09:56:53+00:00","description":"HOJAS SUELTAS Peri\u00f3dico Cultural","breadcrumb":{"@id":"https:\/\/hojassueltas.es\/?page_id=27129#breadcrumb"},"inLanguage":"es","potentialAction":[{"@type":"ReadAction","target":["https:\/\/hojassueltas.es\/?page_id=27129"]}]},{"@type":"BreadcrumbList","@id":"https:\/\/hojassueltas.es\/?page_id=27129#breadcrumb","itemListElement":[{"@type":"ListItem","position":1,"name":"Portada","item":"https:\/\/hojassueltas.es\/"},{"@type":"ListItem","position":2,"name":"Grupo OTRAS SECCIONES"}]},{"@type":"WebSite","@id":"https:\/\/hojassueltas.es\/#website","url":"https:\/\/hojassueltas.es\/","name":"HojasSueltas.es","description":"GRANADA - Peri\u00f3dico Cultural","publisher":{"@id":"https:\/\/hojassueltas.es\/#organization"},"alternateName":"H.S. Periodico Cultural","potentialAction":[{"@type":"SearchAction","target":{"@type":"EntryPoint","urlTemplate":"https:\/\/hojassueltas.es\/?s={search_term_string}"},"query-input":{"@type":"PropertyValueSpecification","valueRequired":true,"valueName":"search_term_string"}}],"inLanguage":"es"},{"@type":"Organization","@id":"https:\/\/hojassueltas.es\/#organization","name":"HOJAS SUELTAS - Peri\u00f3dico Cultural","alternateName":"HS - HOJAS SUELTAS Peri\u00f3dico Cultural","url":"https:\/\/hojassueltas.es\/","logo":{"@type":"ImageObject","inLanguage":"es","@id":"https:\/\/hojassueltas.es\/#\/schema\/logo\/image\/","url":"https:\/\/hojassueltas.es\/wp-content\/uploads\/2025\/08\/Icono-HS_2.png","contentUrl":"https:\/\/hojassueltas.es\/wp-content\/uploads\/2025\/08\/Icono-HS_2.png","width":500,"height":500,"caption":"HOJAS SUELTAS - Peri\u00f3dico Cultural"},"image":{"@id":"https:\/\/hojassueltas.es\/#\/schema\/logo\/image\/"},"sameAs":["https:\/\/x.com\/HOJASSUELTAS22"]}]}},"_links":{"self":[{"href":"https:\/\/hojassueltas.es\/index.php?rest_route=\/wp\/v2\/pages\/27129","targetHints":{"allow":["GET"]}}],"collection":[{"href":"https:\/\/hojassueltas.es\/index.php?rest_route=\/wp\/v2\/pages"}],"about":[{"href":"https:\/\/hojassueltas.es\/index.php?rest_route=\/wp\/v2\/types\/page"}],"author":[{"embeddable":true,"href":"https:\/\/hojassueltas.es\/index.php?rest_route=\/wp\/v2\/users\/1"}],"replies":[{"embeddable":true,"href":"https:\/\/hojassueltas.es\/index.php?rest_route=%2Fwp%2Fv2%2Fcomments&post=27129"}],"version-history":[{"count":6,"href":"https:\/\/hojassueltas.es\/index.php?rest_route=\/wp\/v2\/pages\/27129\/revisions"}],"predecessor-version":[{"id":27144,"href":"https:\/\/hojassueltas.es\/index.php?rest_route=\/wp\/v2\/pages\/27129\/revisions\/27144"}],"wp:attachment":[{"href":"https:\/\/hojassueltas.es\/index.php?rest_route=%2Fwp%2Fv2%2Fmedia&parent=27129"}],"curies":[{"name":"wp","href":"https:\/\/api.w.org\/{rel}","templated":true}]}}